 -39*o + 10. Let y be p(-10). Suppose -3*d = d - y. Suppose 4*r - d = -0*r. Is r a composite number?
True
Let n(d) = 425*d**2 - 5*d + 4. Let s be n(1). Let l = s + 19. Is l a prime number?
True
Let z(n) = 8*n - 10. Let j be z(4). Let m = j + 0. Is m composite?
True
Suppose 4*w + 5*s = w + 21, 4*w - 11 = -s. Suppose -762 - 1756 = -w*l. Is l a composite number?
False
Let o(n) = n**2 + n + 11. Let a(b) = b**3 + 7*b**2 + 7*b + 6. Let g be a(-6). Suppose g = -y - 4*y. Is o(y) composite?
False
Suppose c - 12 = -5*a + 3*c, 24 = 5*a + c. Suppose a*k = 3*k. Suppose 955 = 5*h - k*h. Is h a prime number?
True
Let v = 865 + 637. Is v a composite number?
True
Let p(u) = 517*u**3 - 2*u**2 - 19*u + 37. Is p(2) composite?
False
Let b(a) = -a**3 - a**2 + a + 921. Let c be (-6)/(-18) + -1*(-2)/(-6). Is b(c) a composite number?
True
Suppose -5*l + 24 = -2*l. Let g be 121 + l/(-5 - -1). Let h = -30 + g. Is h composite?
False
Let m = 38 - -13. Suppose 0 = -k - 52 - 24. Let j = m - k. Is j a prime number?
True
Suppose 0 = -5*n - 5*j + 15206 + 2974, 3642 = n - 5*j. Is n prime?
True
Let j = 50266 + -33537. Is j prime?
True
Let l(u) = -u**3 + 9*u**2 + 3*u + 8. Is l(7) prime?
True
Let u(q) = -q**2 + q - 1. Let t(j) = 25*j**2 + 12*j - 21. Let b(r) = t(r) - 4*u(r). Is b(10) a composite number?
False
Suppose -28*s - 5914 + 36182 = 0. Is s a prime number?
False
Let z(i) = i**2 + 3*i + 2. Let r be z(-2). Suppose 0*y - y + 4 = r. Suppose u + 285 = y*u. Is u prime?
False
Suppose 5*o + 2*o = 21. Suppose u + 5*q - 962 = -2*u, o*q - 954 = -3*u. Is u a prime number?
False
Suppose 4*l + 4*x = 2436, 4*l - 3*x - 1586 = 878. Is l prime?
True
Let r(f) = 0 + 8*f**2 + 5 - f**3 - 8*f - 4. Let i be r(7). Let c(d) = -6*d - 5. Is c(i) a composite number?
False
Let x(u) = 468*u - 29. Is x(2) a composite number?
False
Let z = 20205 - 12338. Is z prime?
True
Let f(a) = -12*a + 1. Let w = -19 + 20. Let m be f(w). Let r(h) = -h**3 - 11*h**2 - 7*h + 12. Is r(m) a prime number?
True
Let g(n) = -n + 647. Suppose 2*b + p - 10 = 5, -2*b + 2*p + 18 = 0. Let l(r) = 2*r - 16. Let x be l(b). Is g(x) a prime number?
True
Is (58 - 68) + (-1 - -3676) a prime number?
False
Let h(k) = -k**3 + 66*k**2 - 122*k + 43. Is h(62) a prime number?
False
Suppose 0 = -6*w - 3287 + 9581. Is w a composite number?
False
Let v = -10 + 13. Suppose 7 = 5*j - v. Suppose 2*u + u = -j*m + 118, 5*u = 0. Is m composite?
False
Suppose 2*t = d + 6 - 2, -3*t + 2*d + 7 = 0. Let b(y) = -y + 11 - t - 3. Is b(-6) prime?
True
Let a(y) = 3*y**3 - 16*y**2 + 55. Is a(12) composite?
True
Let q = -13 + 33. Is (75/q)/((-9)/(-348)) a composite number?
True
Let y be 1*(-12)/4 + 3. Suppose 0 = -y*t - t - 8. Is 638/12 + t/48 a prime number?
True
Let u(c) = c**3 - 10*c**2 + 11*c - 11. Let k be u(9). Suppose -b - 2 = -k. Suppose g + 1204 = b*g. Is g prime?
False
Let y be (-1 - -3)/(1/10). Suppose -6*w + y = -w. Suppose 0 = w*d + 2*c - 6*c - 28, -2*d = -4*c - 16. Is d a composite number?
True
Let v = -38 + 43. Suppose 4*r + v*m = 2676, 0*m + 3*m + 2708 = 4*r. Is r composite?
True
Suppose 55624 = 5*y - 2*h + 3133, 5*h = 5*y - 52485. Is y a composite number?
False
Let b = 12 - 15. Is (-9)/b + 34 - 0 a prime number?
True
Let f(d) = 8*d - 10. Let z be f(10). Let n = z - -27. Is n a prime number?
True
Let m(w) = w**3 + 50*w**2 - 199*w - 67. Is m(-53) prime?
True
Let m = 10929 + -5890. Is m composite?
False
Let v(f) = -f - 9 - 3*f + f + f. Let r be v(8). Let s = 51 + r. Is s composite?
True
Suppose -6*z = -2268 - 49386. Is z composite?
False
Let d(k) = -k**3 - 37*k**2 + 140*k - 97. Is d(-41) prime?
True
Let q(l) = 2*l**2 + 14*l - 17. Let f be q(20). Suppose -2724 + f = -s - 2*y, 1665 = s + y. Is s composite?
False
Let w = -170 - -362. Suppose -4*c + w + 184 = 0. Suppose j = 625 + c. Is j prime?
True
Suppose 13*v + p = 9*v + 87843, -p = 1. Is v a composite number?
False
Let v(o) = 59*o + 161. Is v(8) prime?
False
Is 21/(-84) + (-21018)/(-8) composite?
True
Suppose 0 = 3*m + 4*y - 2*y - 340, 5*m = 2*y + 540. Let o(c) = -2 - 86*c - m*c + 63*c. Is o(-3) a composite number?
False
Suppose -5*w = 2*j + 9, 2*w + 24 = 5*j + 3. Suppose 0*d + j*s - 7675 = -2*d, 3*d - 2*s = 11519. Is d a prime number?
False
Let k(d) = 61*d**3 + 2*d**2 - 7*d + 12. Let q be k(6). Suppose -1695 = -9*n + q. Is n a composite number?
False
Let b = 4050 + -587. Is b composite?
False
Let u = 13 - -646. Is u a prime number?
True
Let x = 2734 + -1842. Let q = x + -333. Is q a composite number?
True
Let d = -90 - -93. Let u(y) = 83*y**2 + 2*y + 4. Let c(j) = 84*j**2 + 3*j + 4. Let v(l) = -6*c(l) + 7*u(l). Is v(d) a composite number?
True
Suppose 3*a - 10902 = -v, 9*a - 10*a = -5. Suppose 0 = -20*q + 3133 + v. Is q composite?
False
Suppose 4*w + 3*i + 50 = -493, 20 = -4*i. Let t = w - -221. Is t a composite number?
False
Suppose -u = 14*u - 65370. Is u composite?
True
Is (1663/2)/(3/(-12)*-2) a composite number?
False
Suppose 5*t - o - 38 = -3, -t - 4*o = 14. Suppose -f - 2 = -t. Suppose 3*h - f*g - 474 = -5*g, 0 = h + 3*g - 158. Is h composite?
True
Suppose -4*y = -3*u + 9, 5*u = -5*y + 2*u - 45. Is (-13843 + 1)/y - -2 prime?
True
Let m = 38189 - 18036. Is m prime?
False
Let u(z) = 108*z + 269. Is u(33) composite?
False
Let p = -14988 - -23105. Is p prime?
True
Suppose 0*u + 4*b + 1377 = u, 3*u - 4081 = 2*b. Is u a composite number?
True
Suppose -12*t - 108719 = -25*t. Is t prime?
True
Suppose -4*r = -2*n - 1790, 5*r - n = 2*n + 2237. Let i = r + 703. Is i a composite number?
False
Suppose -5*x + 27 = 17. Suppose -2*s + x*h = -h - 337, 3*h + 15 = 0. Is s a composite number?
True
Let h(m) = -329*m**3 + m**2 - 5*m - 1. Let l(i) = i**3 - i. Let x(d) = h(d) - 4*l(d). Is x(-1) a composite number?
True
Let p = 13085 - 694. Is p a composite number?
False
Let k be 2 + -51*4/(-12). Suppose -c = -k - 48. Is c a composite number?
False
Is ((-5)/10)/((-5)/154970) a prime number?
True
Suppose -4237 = 19*r - 22*r - 5*b, -4*r - 4*b = -5644. Is r a prime number?
True
Suppose 0 = -4*o - 3*b + 48740, -29*o - 2*b = -30*o + 12185. Is o a composite number?
True
Let l(v) = -11*v + 4. Let n be l(-2). Suppose 2*s + 2*a = n, 2*s - 2*a - 3*a = -2. Let i(u) = 5*u - 2. Is i(s) composite?
False
Let a(g) be the second derivative of 241*g**3/6 - 2*g**2 + 14*g. Is a(3) prime?
True
Let l = 46 - 47. Is 705 - ((-4)/(-6))/l*-3 composite?
True
Suppose -4*p = -h - 10, h - 5*h + 5*p = -15. Is (h/30)/((-1)/(-1119)) composite?
False
Is (2 - 11/5) + (-49180)/(-25) a composite number?
True
Suppose n = 5*d - 44610, 4*d - 5*n - 35667 = -0*n. Is d prime?
True
Let w(d) = -31*d**3 - d**2 - 18*d - 29. Is w(-6) prime?
False
Suppose d - 26 = 3*u, 2*d - 43 - 9 = 2*u. Let m be d*(-2 - (-12)/4). Suppose -m*x = -21*x - 1085. Is x a prime number?
False
Suppose 2*t + 4 = 16. Suppose 3*z = 5*z - t. Suppose -5*j - z*o = -2*o - 259, 5*o = 4*j - 184. Is j a composite number?
True
Suppose -2532 = -5*u + 3*u. Suppose 3171 = 3*d + 2*d + n, 2*d = -n + u. Is d a composite number?
True
Suppose -5*q = 5*d - 25 + 80, 2*d + 12 = -q. Is (-1)/(q/(-5955))*20/(-6) a composite number?
True
Let u be (-38)/(-9) - 2/9. Suppose -u*o + 33 = -23. Let w = o + 9. Is w a prime number?
True
Let n be 324 - ((2 + -2 - 1) + 0). Let y = n + -198. Is y prime?
True
Let b be ((-110)/3)/((-13)/(5538/4)). Suppose 4*p = 3*l - 466 + b, -3*l + 4319 = 5*p. Is p composite?
True
Let n(z) = 137*z. Let i be n(2). Let v = -111 + i. Is v composite?
False
Suppose -h - 2*w + 7 = 0, 5 = -h + 3*w - w. Let p be ((-5)/15)/(h/(-3)). Let f(r) = 520*r**2 + r. Is f(p) a composite number?
False
Is (-7 + 3)*(1857/(-4) - -5) a prime number?
False
Suppose 2*m + 0*m + 74 = 0. Let t = 85 + m. Suppose 2*b - 4*f - t = 0, -3*f + 4*f - 21 = -b. Is b composite?
True
Let l = -57 + 319. Let b = -168 + 173. Suppose -b*z - 25 = 0, k + 0*z = -z + l. Is k composite?
True
Let d(m) = 349*m**2 + 6*m + 3. Let c be d(5). Let q = -5438 + c. Is (-5)/(-2)*q/50 composite?
True
Let n(c) = -5*c**3 + 7*c**2 + c - 6. Let o be n(-8). Let r = -1595 + o. Is r a prime number?
True
Let n(z) = -5*z**3 - 9*z**2 - 12*z - 31. Is n(-6) composite?
False
Let m(c) = 735*c**2 - 10*c + 24. Is m(3) a prime number?
False
Let c(o) = o**3 + o**2 - 4*o - 3. Let t be c(-2). Let f be (-5)/(-2*(-4)/424). Is (14 + f)/(-2 + t) prime?
True
Let w(j) = -j**2 -